{"id":4102,"date":"2023-03-30T15:45:53","date_gmt":"2023-03-30T13:45:53","guid":{"rendered":"http:\/\/www.jeunesse.romorantin.net\/?page_id=4102"},"modified":"2023-03-31T15:39:34","modified_gmt":"2023-03-31T13:39:34","slug":"point-cyb-espace-numerique-public","status":"publish","type":"page","link":"https:\/\/www.jeunesse.romorantin.net\/?page_id=4102","title":{"rendered":"Le Point CYB&rsquo; (Espace Public Num\u00e9rique)"},"content":{"rendered":"<hr \/>\n<p><a href=\"http:\/\/www.jeunesse.romorantin.net\/?page_id=741\" target=\"_blank\" rel=\"noopener noreferrer\"><img loading=\"lazy\" decoding=\"async\" class=\"alignnone size-full wp-image-791\" src=\"http:\/\/www.jeunesse.romorantin.net\/wp-content\/uploads\/2014\/05\/contacts1.png\" alt=\"contacts\" width=\"85\" height=\"25\" \/><\/a><\/p>\n<h3><img loading=\"lazy\" decoding=\"async\" class=\"aligncenter wp-image-4140\" src=\"http:\/\/www.jeunesse.romorantin.net\/wp-content\/uploads\/2023\/03\/IMG_8833.jpg\" alt=\"\" width=\"456\" height=\"309\" srcset=\"https:\/\/www.jeunesse.romorantin.net\/wp-content\/uploads\/2023\/03\/IMG_8833.jpg 4032w, https:\/\/www.jeunesse.romorantin.net\/wp-content\/uploads\/2023\/03\/IMG_8833-300x203.jpg 300w, https:\/\/www.jeunesse.romorantin.net\/wp-content\/uploads\/2023\/03\/IMG_8833-768x519.jpg 768w, https:\/\/www.jeunesse.romorantin.net\/wp-content\/uploads\/2023\/03\/IMG_8833-1024x693.jpg 1024w\" sizes=\"auto, (max-width: 456px) 100vw, 456px\" \/><\/h3>\n<h3><\/h3>\n<p style=\"text-align: justify;\">C&rsquo;est un espace multim\u00e9dia compos\u00e9 de sept postes informatiques, situ\u00e9 dans les locaux du PIJ. Ce service utilise les Technologies d\u2019Information et de Communication (TIC), afin d\u2019am\u00e9liorer les services existants du Point Information Jeunesse, et permettre \u00e0 tout jeune de d\u00e9couvrir les outils d\u2019aujourd\u2019hui.<\/p>\n<p style=\"text-align: justify;\">Le\u00a0<em>Point CYB&rsquo;<\/em>\u00a0est ouvert \u00e0 tous. Sept ordinateurs Multim\u00e9dias connect\u00e9s \u00e0 Internet, ce qui favorise l\u2019apprentissage de l\u2019informatique et des TIC. Les ordinateurs sont en acc\u00e8s libre, chaque personne peut \u00eatre accompagn\u00e9e. Les animateurs initient le public en fonction de leurs attentes. Les objectifs du\u00a0<em>Point CYB !<\/em>\u00a0doivent permettre aux jeunes d\u2019\u00eatre acteurs de leurs recherches sur Internet et responsables de leurs projets multim\u00e9dias.<\/p>\n<p style=\"text-align: justify;\">Ils visent\u00a0:<a href=\"http:\/\/www.jeunesse.romorantin.net\/?attachment_id=1883\" rel=\"attachment wp-att-1883\"><img loading=\"lazy\" decoding=\"async\" class=\"size-full wp-image-1883 alignright\" src=\"http:\/\/www.jeunesse.romorantin.net\/wp-content\/uploads\/2014\/04\/epn-1.png\" alt=\"epn\" width=\"257\" height=\"163\" \/><\/a><\/p>\n<ul style=\"text-align: justify;\">\n<li>\u00e0 am\u00e9liorer l\u2019acc\u00e8s \u00e0 l\u2019information,<\/li>\n<li>\u00e0 cr\u00e9er des services de proximit\u00e9 et en permettre l\u2019initiation,<\/li>\n<li>\u00e0 favoriser l\u2019expression et la citoyennet\u00e9 des jeunes.<\/li>\n<\/ul>\n<p style=\"text-align: justify;\">Au-del\u00e0 de l&rsquo;ouverture du Point CYB&rsquo; au jeune public, l&rsquo;espace est accessible \u00e0 tous les habitant(e)s de Romorantin-Lanthenay qui ont besoin d&rsquo;acc\u00e9der \u00e0 l&rsquo;information sur Internet. Un accompagnement par les animateurs est possible en cas de besoin.<\/p>\n<p style=\"text-align: justify;\">Le Point Cyb&rsquo; de Romorantin-Lanthenay est labellis\u00e9 \u00ab\u00a0Web&rsquo;O Centre\u00a0\u00bb.<\/p>\n<p style=\"text-align: justify;\">Lanc\u00e9 par l\u2019Etat et la R\u00e9gion, ce label garantit\u00a0:<\/p>\n<ul>\n<li style=\"text-align: justify;\">l\u2019inclusion sociale, et en particulier l\u2019aide \u00e0 l\u2019utilisation des outils num\u00e9riques pour rechercher un emploi : dans cette perspective, un partenariat a \u00e9t\u00e9 \u00e9tabli avec la direction r\u00e9gionale de P\u00f4le emploi ;<\/li>\n<li style=\"text-align: justify;\">l\u2019innovation territoriale, en particulier au service du d\u00e9veloppement \u00e9conomique local.<\/li>\n<\/ul>\n<p><img decoding=\"async\" class=\"aligncenter\" src=\"http:\/\/www.sologne-des-etangs.fr\/mediatheque\/services\/rsp\/untitled%20folder\/Webocentre.jpg\" \/><\/p>\n","protected":false},"excerpt":{"rendered":"<p>C&rsquo;est un espace multim\u00e9dia compos\u00e9 de sept postes informatiques, situ\u00e9 dans les locaux du PIJ. Ce service utilise les Technologies d\u2019Information et de Communication (TIC), &hellip;<\/p>\n","protected":false},"author":2,"featured_media":0,"parent":14,"menu_order":0,"comment_status":"closed","ping_status":"closed","template":"","meta":{"footnotes":"","_links_to":"","_links_to_target":""},"class_list":["post-4102","page","type-page","status-publish","hentry"],"_links":{"self":[{"href":"https:\/\/www.jeunesse.romorantin.net\/index.php?rest_route=\/wp\/v2\/pages\/4102","targetHints":{"allow":["GET"]}}],"collection":[{"href":"https:\/\/www.jeunesse.romorantin.net\/index.php?rest_route=\/wp\/v2\/pages"}],"about":[{"href":"https:\/\/www.jeunesse.romorantin.net\/index.php?rest_route=\/wp\/v2\/types\/page"}],"author":[{"embeddable":true,"href":"https:\/\/www.jeunesse.romorantin.net\/index.php?rest_route=\/wp\/v2\/users\/2"}],"replies":[{"embeddable":true,"href":"https:\/\/www.jeunesse.romorantin.net\/index.php?rest_route=%2Fwp%2Fv2%2Fcomments&post=4102"}],"version-history":[{"count":12,"href":"https:\/\/www.jeunesse.romorantin.net\/index.php?rest_route=\/wp\/v2\/pages\/4102\/revisions"}],"predecessor-version":[{"id":4213,"href":"https:\/\/www.jeunesse.romorantin.net\/index.php?rest_route=\/wp\/v2\/pages\/4102\/revisions\/4213"}],"up":[{"embeddable":true,"href":"https:\/\/www.jeunesse.romorantin.net\/index.php?rest_route=\/wp\/v2\/pages\/14"}],"wp:attachment":[{"href":"https:\/\/www.jeunesse.romorantin.net\/index.php?rest_route=%2Fwp%2Fv2%2Fmedia&parent=4102"}],"curies":[{"name":"wp","href":"https:\/\/api.w.org\/{rel}","templated":true}]}}