{"id":168,"date":"2014-04-14T09:10:51","date_gmt":"2014-04-14T08:10:51","guid":{"rendered":"http:\/\/www.jeunesse.romorantin.net\/?page_id=168"},"modified":"2023-06-15T09:01:47","modified_gmt":"2023-06-15T07:01:47","slug":"les-animations-vacances","status":"publish","type":"page","link":"https:\/\/www.jeunesse.romorantin.net\/?page_id=168","title":{"rendered":"Les animations vacances"},"content":{"rendered":"<p><img loading=\"lazy\" decoding=\"async\" class=\"alignnone size-full wp-image-4979\" src=\"http:\/\/www.jeunesse.romorantin.net\/wp-content\/uploads\/2014\/04\/animationvacancesbannierebrossardJO.jpg\" alt=\"\" width=\"960\" height=\"250\" srcset=\"https:\/\/www.jeunesse.romorantin.net\/wp-content\/uploads\/2014\/04\/animationvacancesbannierebrossardJO.jpg 960w, https:\/\/www.jeunesse.romorantin.net\/wp-content\/uploads\/2014\/04\/animationvacancesbannierebrossardJO-300x78.jpg 300w, https:\/\/www.jeunesse.romorantin.net\/wp-content\/uploads\/2014\/04\/animationvacancesbannierebrossardJO-768x200.jpg 768w, https:\/\/www.jeunesse.romorantin.net\/wp-content\/uploads\/2014\/04\/animationvacancesbannierebrossardJO-496x129.jpg 496w\" sizes=\"auto, (max-width: 960px) 100vw, 960px\" \/><\/p>\n<p style=\"text-align: justify;\"><span style=\"color: #000000;\">Que ce soit pendant les vacances de la Toussaint, de f\u00e9vrier, de P\u00e2ques ou les grandes vacances d&rsquo;\u00e9t\u00e9, le Service Jeunesse propose de nombreuses \u00ab\u00a0<strong>animations vacances<\/strong><strong>\u00a0<\/strong>\u00bb. Un programme fourni est propos\u00e9 \u00e0 tous les jeunes de 6 \u00e0 17 ans, et associe l&rsquo;offre de plusieurs autres structures locales :<\/span><\/p>\n<ul>\n<li style=\"text-align: justify;\"><a href=\"http:\/\/www.romorantin.com\/vie-sportive\/\" target=\"_blank\" rel=\"noopener noreferrer\">Service des Sports de Romorantin<\/a><\/li>\n<li style=\"text-align: justify;\">Espace Saint Exup\u00e9ry<\/li>\n<li style=\"text-align: justify;\"><a href=\"http:\/\/www.mediatheque.romorantin.net\/\" target=\"_blank\" rel=\"noopener noreferrer\">M\u00e9diath\u00e8que Jacques Thyraud<\/a><\/li>\n<li style=\"text-align: justify;\"><a href=\"http:\/\/museedesologne.romorantin.com\/\" target=\"_blank\" rel=\"noopener noreferrer\">Mus\u00e9e de Sologne<\/a><\/li>\n<li style=\"text-align: justify;\"><a href=\"http:\/\/www.mjc-romo.com\/\" target=\"_blank\" rel=\"noopener noreferrer\">Maison des Jeunes et de la Culture<\/a><\/li>\n<\/ul>\n<p style=\"text-align: justify;\"><span style=\"color: #000000;\">De nombreuses animations sportives, manuelles, culinaires et culturelles, des sorties, des s\u00e9jours vous attendent ! Les animations sont accessibles \u00e0 tous les jeunes mais une priorit\u00e9 est donn\u00e9e \u00e0 ceux de la Ville de Romorantin-Lanthenay.<\/span><\/p>\n<h2 style=\"text-align: center;\"><span style=\"color: #ff0000;\">\u00a0\u27a1\u00a0 Le programme des animations vacances de juillet et ao\u00fbt 2023\u00a0est arriv\u00e9 ! Inscriptions le 24\/06 au gymnase Brossard<\/span><\/h2>\n<p style=\"text-align: center;\"><a href=\"http:\/\/www.jeunesse.romorantin.net\/wp-content\/uploads\/2014\/04\/programme-primaires-\u00e9t\u00e9-2023.pdf\" target=\"_blank\" rel=\"noopener noreferrer\">Programme \u00e9l\u00e9mentaires juillet-ao\u00fbt 2023<\/a>\u00a0 \u00a0 \u00a0 \u00a0 \u00a0 \u00a0 \u00a0 \u00a0 \u00a0 \u00a0 \u00a0 \u00a0 \u00a0 \u00a0 \u00a0<a href=\"http:\/\/www.jeunesse.romorantin.net\/wp-content\/uploads\/2014\/04\/passeport-primaires-\u00e9t\u00e9-23-SJ.pdf\" target=\"_blank\" rel=\"noopener noreferrer\">Passeport \u00e9l\u00e9mentaires juillet-ao\u00fbt 2023<\/a><\/p>\n<p style=\"text-align: center;\">R\u00e9capitulatif des places disponibles pour les \u00e9l\u00e9mentaires<\/p>\n<p style=\"text-align: center;\"><a href=\"http:\/\/www.jeunesse.romorantin.net\/wp-content\/uploads\/2014\/04\/programme-coll\u00e8ges-lyc\u00e9es-\u00e9t\u00e9-2023.pdf\">Programme coll\u00e8ge &#8211; lyc\u00e9e Juillet-Ao\u00fbt 2023<\/a> \u00a0 \u00a0 \u00a0 \u00a0 \u00a0 \u00a0 \u00a0 \u00a0 \u00a0 \u00a0 \u00a0 \u00a0 \u00a0 \u00a0 \u00a0 <a href=\"http:\/\/www.jeunesse.romorantin.net\/wp-content\/uploads\/2014\/04\/Passeport-coll\u00e8ges-\u00e9t\u00e9-2023.pdf\">Programme coll\u00e8ge &#8211; lyc\u00e9e Juillet-Ao\u00fbt 2023<\/a><\/p>\n<p style=\"text-align: center;\">R\u00e9capitulatif des places disponibles pour les coll\u00e8ges-lyc\u00e9es<\/p>\n<p style=\"text-align: left;\"><span style=\"color: #000000;\">Les modalit\u00e9s d\u2018inscription sont disponibles<\/span>\u00a0<a href=\"http:\/\/www.jeunesse.romorantin.net\/?page_id=166\" target=\"_blank\" rel=\"noopener noreferrer\">ICI<\/a><\/p>\n<p><span style=\"color: #000000;\">Renseignements compl\u00e9mentaires directement aupr\u00e8s du <a href=\"http:\/\/www.jeunesse.romorantin.net\/?page_id=741\" target=\"_blank\" rel=\"noopener noreferrer\">Service Jeunesse<\/a> ou des partenaires.<\/span><\/p>\n<p><a href=\"http:\/\/www.jeunesse.romorantin.net\/?page_id=4328\"><img loading=\"lazy\" decoding=\"async\" class=\"aligncenter wp-image-4337\" src=\"http:\/\/www.jeunesse.romorantin.net\/wp-content\/uploads\/2023\/04\/AV-le-blog.png\" alt=\"\" width=\"391\" height=\"102\" srcset=\"https:\/\/www.jeunesse.romorantin.net\/wp-content\/uploads\/2023\/04\/AV-le-blog.png 960w, https:\/\/www.jeunesse.romorantin.net\/wp-content\/uploads\/2023\/04\/AV-le-blog-300x78.png 300w, https:\/\/www.jeunesse.romorantin.net\/wp-content\/uploads\/2023\/04\/AV-le-blog-768x200.png 768w, https:\/\/www.jeunesse.romorantin.net\/wp-content\/uploads\/2023\/04\/AV-le-blog-496x129.png 496w\" sizes=\"auto, (max-width: 391px) 100vw, 391px\" \/><\/a><\/p>\n","protected":false},"excerpt":{"rendered":"<p>Que ce soit pendant les vacances de la Toussaint, de f\u00e9vrier, de P\u00e2ques ou les grandes vacances d&rsquo;\u00e9t\u00e9, le Service Jeunesse propose de nombreuses \u00ab\u00a0animations &hellip;<\/p>\n","protected":false},"author":2,"featured_media":0,"parent":16,"menu_order":0,"comment_status":"closed","ping_status":"open","template":"","meta":{"footnotes":"","_links_to":"","_links_to_target":""},"class_list":["post-168","page","type-page","status-publish","hentry"],"_links":{"self":[{"href":"https:\/\/www.jeunesse.romorantin.net\/index.php?rest_route=\/wp\/v2\/pages\/168","targetHints":{"allow":["GET"]}}],"collection":[{"href":"https:\/\/www.jeunesse.romorantin.net\/index.php?rest_route=\/wp\/v2\/pages"}],"about":[{"href":"https:\/\/www.jeunesse.romorantin.net\/index.php?rest_route=\/wp\/v2\/types\/page"}],"author":[{"embeddable":true,"href":"https:\/\/www.jeunesse.romorantin.net\/index.php?rest_route=\/wp\/v2\/users\/2"}],"replies":[{"embeddable":true,"href":"https:\/\/www.jeunesse.romorantin.net\/index.php?rest_route=%2Fwp%2Fv2%2Fcomments&post=168"}],"version-history":[{"count":68,"href":"https:\/\/www.jeunesse.romorantin.net\/index.php?rest_route=\/wp\/v2\/pages\/168\/revisions"}],"predecessor-version":[{"id":4982,"href":"https:\/\/www.jeunesse.romorantin.net\/index.php?rest_route=\/wp\/v2\/pages\/168\/revisions\/4982"}],"up":[{"embeddable":true,"href":"https:\/\/www.jeunesse.romorantin.net\/index.php?rest_route=\/wp\/v2\/pages\/16"}],"wp:attachment":[{"href":"https:\/\/www.jeunesse.romorantin.net\/index.php?rest_route=%2Fwp%2Fv2%2Fmedia&parent=168"}],"curies":[{"name":"wp","href":"https:\/\/api.w.org\/{rel}","templated":true}]}}