{"id":158,"date":"2014-04-14T09:07:24","date_gmt":"2014-04-14T08:07:24","guid":{"rendered":"http:\/\/www.jeunesse.romorantin.net\/?page_id=158"},"modified":"2023-03-31T15:27:24","modified_gmt":"2023-03-31T13:27:24","slug":"maison-de-quartier-des-favignolles","status":"publish","type":"page","link":"https:\/\/www.jeunesse.romorantin.net\/?page_id=158","title":{"rendered":"La Maison de quartier des Favignolles"},"content":{"rendered":"<hr \/>\n<p><a href=\"http:\/\/www.jeunesse.romorantin.net\/?page_id=741\"><img loading=\"lazy\" decoding=\"async\" class=\"alignnone size-full wp-image-791\" src=\"http:\/\/www.jeunesse.romorantin.net\/wp-content\/uploads\/2014\/05\/contacts1.png\" alt=\"contacts\" width=\"85\" height=\"25\" \/><\/a><a href=\"http:\/\/www.jeunesse.romorantin.net\/wp-content\/uploads\/2014\/04\/maisdondequartier.png\"><br \/>\n<img loading=\"lazy\" decoding=\"async\" class=\"aligncenter wp-image-218 size-medium\" src=\"http:\/\/www.jeunesse.romorantin.net\/wp-content\/uploads\/2014\/04\/maisdondequartier-300x225.png\" alt=\"maisdondequartier\" width=\"300\" height=\"225\" srcset=\"https:\/\/www.jeunesse.romorantin.net\/wp-content\/uploads\/2014\/04\/maisdondequartier-300x225.png 300w, https:\/\/www.jeunesse.romorantin.net\/wp-content\/uploads\/2014\/04\/maisdondequartier.png 889w\" sizes=\"auto, (max-width: 300px) 100vw, 300px\" \/><\/a><\/p>\n<p style=\"text-align: center;\"><strong><em>La structure a re\u00e7u depuis juillet 2012, la labellisation 11-17 ans de la CAF qui est octroy\u00e9e jusqu\u2019au 31 d\u00e9cembre 2015, r\u00e9visable annuellement.\u00a0<\/em><\/strong><\/p>\n<p style=\"text-align: center;\">C\u2019est un lieu de rencontres et d\u2019\u00e9changes o\u00f9 peuvent \u00e9merger les envies et les besoins des jeunes. Ainsi, le r\u00f4le des animateurs est d\u2019accompagner les jeunes et de les diriger si besoin vers les institutions comp\u00e9tentes d\u2019o\u00f9 l\u2019importance du partenariat, ils sont des relais.<\/p>\n<p style=\"text-align: center;\">La Maison de Quartier accueille \u00e9galement les enfants\u00a0 le mercredi et apr\u00e8s l&rsquo;\u00e9cole en semaine.<\/p>\n<p style=\"text-align: center;\"><em><u>Sur place<\/u> :<\/em><\/p>\n<p style=\"text-align: center;\"><em>baby foot, tennis de table, jeux vid\u00e9os, jeux de soci\u00e9t\u00e9, biblioth\u00e8que, acc\u00e8s internet, salle d\u2019activit\u00e9, etc&#8230;<\/em><\/p>\n<table style=\"height: 467px; width: 575.266px;\" border=\"1\" cellspacing=\"0\" cellpadding=\"0\">\n<thead>\n<tr style=\"height: 71px;\">\n<td style=\"width: 180px; background-color: #ff9900; border-color: #c0c0c0; vertical-align: middle; text-align: center; height: 71px;\" valign=\"top\"><span style=\"color: #000000;\"><b>Jours d\u2019ouverture<\/b><\/span><\/td>\n<td style=\"width: 189px; background-color: #ff9900; border-color: #c0c0c0; vertical-align: middle; text-align: center; height: 71px;\" valign=\"top\"><span style=\"color: #000000;\"><b>Matin<\/b><\/span><\/td>\n<td style=\"width: 199.266px; background-color: #ff9900; border-color: #c0c0c0; vertical-align: middle; text-align: center; height: 71px;\" valign=\"top\"><span style=\"color: #000000;\"><b>Apr\u00e8s-midi et soir\u00e9e<\/b><\/span><\/td>\n<\/tr>\n<\/thead>\n<tbody>\n<tr style=\"height: 59px;\">\n<td style=\"width: 180px; background-color: #ff9900; border-color: #c0c0c0; vertical-align: middle; text-align: center; height: 59px;\" valign=\"top\"><span style=\"color: #000000;\"><b>Lundi<\/b><\/span><\/td>\n<td style=\"width: 189px; background-color: #ffffff; border-color: #c0c0c0; vertical-align: middle; text-align: center; height: 59px;\" valign=\"top\"><span style=\"color: #000000;\">\u00a0<\/span><\/td>\n<td style=\"width: 199.266px; background-color: #ffffff; border-color: #c0c0c0; vertical-align: middle; text-align: center; height: 59px;\" valign=\"top\"><span style=\"color: #000000;\"><strong>16h30-18h00<\/strong><br \/>\n<em>Accueil<\/em><\/span><\/td>\n<\/tr>\n<tr style=\"height: 59px;\">\n<td style=\"width: 180px; background-color: #ff9900; border-color: #c0c0c0; vertical-align: middle; text-align: center; height: 59px;\" valign=\"top\"><span style=\"color: #000000;\"><b>Mardi<\/b><\/span><\/td>\n<td style=\"width: 189px; background-color: #ffffff; border-color: #c0c0c0; vertical-align: middle; text-align: center; height: 59px;\" valign=\"top\"><\/td>\n<td style=\"width: 199.266px; background-color: #ffffff; border-color: #c0c0c0; vertical-align: middle; text-align: center; height: 59px;\" valign=\"top\"><span style=\"color: #000000;\"><strong>16h30-20h00<\/strong><br \/>\n<em>Accueil<\/em><\/span><\/td>\n<\/tr>\n<tr style=\"height: 118px;\">\n<td style=\"width: 180px; background-color: #ff9900; border-color: #c0c0c0; vertical-align: middle; text-align: center; height: 118px;\" valign=\"top\"><span style=\"color: #000000;\"><b>Mercredi<\/b><\/span><\/td>\n<td style=\"width: 189px; background-color: #ffffff; border-color: #c0c0c0; vertical-align: middle; text-align: center; height: 118px;\" valign=\"top\"><strong>10h00-12h00<\/strong><\/p>\n<p><em>Activit\u00e9s sportives, culturelles et sorties<\/em><\/p>\n<p><em>Ateliers cr\u00e9atifs<\/em><\/td>\n<td style=\"width: 199.266px; background-color: #ffffff; border-color: #c0c0c0; vertical-align: middle; text-align: center; height: 118px;\" valign=\"top\"><strong>13h30-18h00<\/strong><\/p>\n<p><span style=\"color: #000000;\"><em>Activit\u00e9s sportives, culturelles et sorties<\/em><\/span><\/p>\n<p><em>Ateliers cr\u00e9atifs<\/em><\/td>\n<\/tr>\n<tr style=\"height: 59px;\">\n<td style=\"width: 180px; background-color: #ff9900; border-color: #c0c0c0; vertical-align: middle; text-align: center; height: 59px;\" valign=\"top\"><span style=\"color: #000000;\"><b>Jeudi<\/b><\/span><\/td>\n<td style=\"width: 189px; background-color: #ffffff; border-color: #c0c0c0; vertical-align: middle; text-align: center; height: 59px;\" valign=\"top\"><span style=\"color: #000000;\">\u00a0<\/span><\/td>\n<td style=\"width: 199.266px; background-color: #ffffff; border-color: #c0c0c0; vertical-align: middle; text-align: center; height: 59px;\" valign=\"top\"><span style=\"color: #000000;\"><strong>16h30-18h00<\/strong><br \/>\n<em>Accueil<\/em><\/span><\/td>\n<\/tr>\n<tr style=\"height: 59px;\">\n<td style=\"width: 180px; background-color: #ff9900; border-color: #c0c0c0; vertical-align: middle; text-align: center; height: 59px;\" valign=\"top\"><span style=\"color: #000000;\"><b>Vendredi<\/b><\/span><\/td>\n<td style=\"width: 189px; background-color: #ffffff; border-color: #c0c0c0; vertical-align: middle; text-align: center; height: 59px;\" valign=\"top\"><\/td>\n<td style=\"width: 199.266px; background-color: #ffffff; border-color: #c0c0c0; vertical-align: middle; text-align: center; height: 59px;\" valign=\"top\"><span style=\"color: #000000;\"><strong>16h30-18h00<br \/>\n<\/strong><em>Accueil<\/em><\/span><\/td>\n<\/tr>\n<\/tbody>\n<\/table>\n<p style=\"text-align: justify;\">Durant les vacances, en raison de certaines animations, les horaires peuvent \u00eatre modifi\u00e9s. Ils sont alors indiqu\u00e9s sur place.<\/p>\n<p><strong><span style=\"text-decoration: underline;\">Les modalit\u00e9s d\u2019inscriptions<\/span>\u00a0:<\/strong><\/p>\n<ul>\n<li>Autorisation parentale<\/li>\n<li>Fiche sanitaire<\/li>\n<li>Autorisation de prise de photo<\/li>\n<li>Attestation de responsabilit\u00e9 civile<\/li>\n<li>Adh\u00e9sion d&rsquo;1 euro<\/li>\n<\/ul>\n<p>&nbsp;<\/p>\n","protected":false},"excerpt":{"rendered":"<p>La structure a re\u00e7u depuis juillet 2012, la labellisation 11-17 ans de la CAF qui est octroy\u00e9e jusqu\u2019au 31 d\u00e9cembre 2015, r\u00e9visable annuellement.\u00a0 C\u2019est un &hellip;<\/p>\n","protected":false},"author":2,"featured_media":0,"parent":14,"menu_order":0,"comment_status":"closed","ping_status":"open","template":"","meta":{"footnotes":"","_links_to":"","_links_to_target":""},"class_list":["post-158","page","type-page","status-publish","hentry"],"_links":{"self":[{"href":"https:\/\/www.jeunesse.romorantin.net\/index.php?rest_route=\/wp\/v2\/pages\/158","targetHints":{"allow":["GET"]}}],"collection":[{"href":"https:\/\/www.jeunesse.romorantin.net\/index.php?rest_route=\/wp\/v2\/pages"}],"about":[{"href":"https:\/\/www.jeunesse.romorantin.net\/index.php?rest_route=\/wp\/v2\/types\/page"}],"author":[{"embeddable":true,"href":"https:\/\/www.jeunesse.romorantin.net\/index.php?rest_route=\/wp\/v2\/users\/2"}],"replies":[{"embeddable":true,"href":"https:\/\/www.jeunesse.romorantin.net\/index.php?rest_route=%2Fwp%2Fv2%2Fcomments&post=158"}],"version-history":[{"count":66,"href":"https:\/\/www.jeunesse.romorantin.net\/index.php?rest_route=\/wp\/v2\/pages\/158\/revisions"}],"predecessor-version":[{"id":4208,"href":"https:\/\/www.jeunesse.romorantin.net\/index.php?rest_route=\/wp\/v2\/pages\/158\/revisions\/4208"}],"up":[{"embeddable":true,"href":"https:\/\/www.jeunesse.romorantin.net\/index.php?rest_route=\/wp\/v2\/pages\/14"}],"wp:attachment":[{"href":"https:\/\/www.jeunesse.romorantin.net\/index.php?rest_route=%2Fwp%2Fv2%2Fmedia&parent=158"}],"curies":[{"name":"wp","href":"https:\/\/api.w.org\/{rel}","templated":true}]}}